{"id":9,"date":"2024-07-22T10:09:43","date_gmt":"2024-07-22T10:09:43","guid":{"rendered":"http:\/\/plattparts.com\/?page_id=9"},"modified":"2025-01-20T16:16:21","modified_gmt":"2025-01-20T16:16:21","slug":"platt-piston-plattparts","status":"publish","type":"page","link":"https:\/\/plattparts.com\/","title":{"rendered":"Home"},"content":{"rendered":"\n<div class=\"wp-block-cover alignfull is-light\" style=\"min-height:708px;aspect-ratio:unset;\"><span aria-hidden=\"true\" class=\"wp-block-cover__background has-background-dim-100 has-background-dim has-background-gradient\" style=\"background:linear-gradient(35deg,rgb(6,0,151) 0%,rgb(130,4,255) 73%,rgb(193,15,255) 100%)\"><\/span><div class=\"wp-block-cover__inner-container is-layout-flow wp-block-cover-is-layout-flow\">\n<ul class=\"wp-block-list\">\n<li><\/li>\n<\/ul>\n\n\n\n<figure class=\"wp-block-image size-large\"><img loading=\"lazy\" decoding=\"async\" width=\"1024\" height=\"361\" src=\"https:\/\/plattparts.com\/wp-content\/uploads\/2024\/07\/ppppp-1024x361.png\" alt=\"\" class=\"wp-image-45\" srcset=\"https:\/\/plattparts.com\/wp-content\/uploads\/2024\/07\/ppppp-1024x361.png 1024w, https:\/\/plattparts.com\/wp-content\/uploads\/2024\/07\/ppppp-300x106.png 300w, https:\/\/plattparts.com\/wp-content\/uploads\/2024\/07\/ppppp-768x271.png 768w, https:\/\/plattparts.com\/wp-content\/uploads\/2024\/07\/ppppp-1536x541.png 1536w, https:\/\/plattparts.com\/wp-content\/uploads\/2024\/07\/ppppp.png 1666w\" sizes=\"auto, (max-width: 1024px) 100vw, 1024px\" \/><\/figure>\n<\/div><\/div>\n\n\n\n<div class=\"wp-block-columns is-layout-flex wp-container-core-columns-is-layout-28f84493 wp-block-columns-is-layout-flex\">\n<div class=\"wp-block-column is-layout-flow wp-block-column-is-layout-flow\" style=\"flex-basis:100%\">\n<div class=\"wp-block-group alignfull has-ast-global-color-5-background-color has-background is-layout-constrained wp-container-core-group-is-layout-9cedb757 wp-block-group-is-layout-constrained\" style=\"padding-bottom:0px\">\n<div class=\"wp-block-columns are-vertically-aligned-top is-layout-flex wp-container-core-columns-is-layout-00723822 wp-block-columns-is-layout-flex\">\n<div class=\"wp-block-column is-vertically-aligned-top is-layout-flow wp-container-core-column-is-layout-6b73ce23 wp-block-column-is-layout-flow\">\n<figure class=\"wp-block-image size-full\"><img loading=\"lazy\" decoding=\"async\" width=\"354\" height=\"230\" src=\"https:\/\/plattparts.com\/wp-content\/uploads\/2024\/07\/piston-1x.jpg\" alt=\"\" class=\"wp-image-29\" srcset=\"https:\/\/plattparts.com\/wp-content\/uploads\/2024\/07\/piston-1x.jpg 354w, https:\/\/plattparts.com\/wp-content\/uploads\/2024\/07\/piston-1x-300x195.jpg 300w\" sizes=\"auto, (max-width: 354px) 100vw, 354px\" \/><\/figure>\n\n\n\n<h3 class=\"wp-block-heading has-text-align-left\" style=\"margin-top:16px\">Pistonlar<\/h3>\n\n\n\n<p class=\"has-text-align-left\">2-Zamanl\u0131 ve 4-Zamanl\u0131 i\u00e7ten yanmal\u0131 motorlar i\u00e7in yer\u00e7ekimi d\u00f6k\u00fcm ve d\u00f6vme pistonlar.<\/p>\n<\/div>\n\n\n\n<div class=\"wp-block-column is-vertically-aligned-top is-layout-flow wp-container-core-column-is-layout-6b73ce23 wp-block-column-is-layout-flow\">\n<figure class=\"wp-block-image size-full\"><img loading=\"lazy\" decoding=\"async\" width=\"354\" height=\"230\" src=\"https:\/\/plattparts.com\/wp-content\/uploads\/2024\/07\/segman-2x.jpg\" alt=\"\" class=\"wp-image-30\" srcset=\"https:\/\/plattparts.com\/wp-content\/uploads\/2024\/07\/segman-2x.jpg 354w, https:\/\/plattparts.com\/wp-content\/uploads\/2024\/07\/segman-2x-300x195.jpg 300w\" sizes=\"auto, (max-width: 354px) 100vw, 354px\" \/><\/figure>\n\n\n\n<h3 class=\"wp-block-heading has-text-align-left\" style=\"margin-top:16px\">Segmanlar<\/h3>\n\n\n\n<p class=\"has-text-align-left\">d\u00f6kme demir, s\u00fcnek demir, SG demir ve bir\u00e7ok \u00e7e\u015fidi dahil olmak \u00fczere \u00e7e\u015fitli malzemelerden 30 mm ila 105 mm aral\u0131\u011f\u0131nda piston segmanlar\u0131 \u00fcretilir. <\/p>\n<\/div>\n\n\n\n<div class=\"wp-block-column is-vertically-aligned-top is-layout-flow wp-container-core-column-is-layout-6b73ce23 wp-block-column-is-layout-flow\">\n<figure class=\"wp-block-image size-full\"><img loading=\"lazy\" decoding=\"async\" width=\"354\" height=\"235\" src=\"https:\/\/plattparts.com\/wp-content\/uploads\/2024\/07\/silindir-3x.jpg\" alt=\"\" class=\"wp-image-31\" srcset=\"https:\/\/plattparts.com\/wp-content\/uploads\/2024\/07\/silindir-3x.jpg 354w, https:\/\/plattparts.com\/wp-content\/uploads\/2024\/07\/silindir-3x-300x199.jpg 300w\" sizes=\"auto, (max-width: 354px) 100vw, 354px\" \/><\/figure>\n\n\n\n<h3 class=\"wp-block-heading has-text-align-left\" style=\"margin-top:16px\">Silindirler<\/h3>\n\n\n\n<p class=\"has-text-align-left\">Nikasil\u00ae kaplamal\u0131 silindirler: zincirli testereler, \u00e7al\u0131 kesiciler, k\u00fc\u00e7\u00fck tar\u0131m motorlar\u0131, OEM par\u00e7alar\u0131na uygun, sat\u0131\u015f sonras\u0131 par\u00e7alar olarak mevcuttur<\/p>\n<\/div>\n\n\n\n<div class=\"wp-block-column is-vertically-aligned-top is-layout-flow wp-container-core-column-is-layout-6b73ce23 wp-block-column-is-layout-flow\"><\/div>\n<\/div>\n\n\n\n<div class=\"wp-block-columns alignfull is-layout-flex wp-container-core-columns-is-layout-28f84493 wp-block-columns-is-layout-flex\">\n<div class=\"wp-block-column is-vertically-aligned-stretch is-layout-flow wp-block-column-is-layout-flow\">\n<h3 class=\"wp-block-heading has-text-align-left\">             Dairesel Testere<\/h3>\n\n\n\n<div class=\"wp-block-media-text is-stacked-on-mobile\" style=\"grid-template-columns:18% auto\"><figure class=\"wp-block-media-text__media\"><img loading=\"lazy\" decoding=\"async\" width=\"674\" height=\"713\" src=\"https:\/\/plattparts.com\/wp-content\/uploads\/2024\/07\/PLATT-x-3.jpg\" alt=\"\" class=\"wp-image-36 size-full\" srcset=\"https:\/\/plattparts.com\/wp-content\/uploads\/2024\/07\/PLATT-x-3.jpg 674w, https:\/\/plattparts.com\/wp-content\/uploads\/2024\/07\/PLATT-x-3-284x300.jpg 284w\" sizes=\"auto, (max-width: 674px) 100vw, 674px\" \/><\/figure><div class=\"wp-block-media-text__content\">\n<p>Elmas u\u00e7lu daire testereler \u00f6zel \u00e7elik ala\u015f\u0131mlar\u0131 ve \u00fcretim s\u00fcrecinde uygulanan sertle\u015ftirme i\u015flemleri sayesinde ve \u00fczerinde kullan\u0131lan \u00f6zel kaplama size daha p\u00fcr\u00fczs\u00fcz bir kesim sunarken, aksesuarlar\u0131n\u0131z\u0131 y\u00fcksek devir h\u0131zlar\u0131nda sorunsuz ve g\u00fcvenli bir \u015fekilde uzun y\u0131llar kullanabilmenizi sa\u011flayacakt\u0131r.<\/p>\n<\/div><\/div>\n\n\n\n<div class=\"wp-block-columns are-vertically-aligned-top is-layout-flex wp-container-core-columns-is-layout-28f84493 wp-block-columns-is-layout-flex\">\n<div class=\"wp-block-column is-vertically-aligned-top is-layout-flow wp-block-column-is-layout-flow\" style=\"flex-basis:100%\"><\/div>\n<\/div>\n<\/div>\n<\/div>\n<\/div>\n<\/div>\n<\/div>\n\n\n\n<div class=\"wp-block-group alignfull has-ast-global-color-5-background-color has-background is-layout-constrained wp-container-core-group-is-layout-94d206d0 wp-block-group-is-layout-constrained\" id=\"about\" style=\"padding-top:143px;padding-bottom:144px\">\n<div class=\"wp-block-media-text has-media-on-the-right is-stacked-on-mobile is-vertically-aligned-center\"><div class=\"wp-block-media-text__content\">\n<div class=\"inherit-container-width wp-block-group is-layout-constrained wp-container-core-group-is-layout-47ce07ec wp-block-group-is-layout-constrained\" style=\"padding-right:80px\">\n<h2 class=\"wp-block-heading\" style=\"padding-right:40px\">Hakk\u0131m\u0131zda<\/h2>\n\n\n\n<p>PLATT, d\u00fcnya \u00e7ap\u0131nda d\u0131\u015f mek\u00e2n makine end\u00fcstrisine y\u00f6nelik diyaframl\u0131 Pistonlar\u0131yla \u00fcnl\u00fcd\u00fcr. Motorlu testerelerde, f\u0131r\u00e7a kesicilerde, temizleme testerelerinde, \u00e7it d\u00fczelticilerde, \u00f6zel bi\u00e7erd\u00f6verlerde, ila\u00e7lama motorlar\u0131nda, jenerat\u00f6rlerde, toprak burgular\u0131nda, kesme makinelerinde ve beton kesicilerde yayg\u0131n olarak kullan\u0131lmaktad\u0131r. Profesyonellere y\u00f6nelik \u00f6zel y\u00fcksek teknoloji ara\u00e7lar\u0131ndan maliyet a\u00e7\u0131s\u0131ndan rekabet\u00e7i kitlesel pazarlara kadar m\u00fc\u015fterilerimize g\u00fcvenilir \u00e7\u00f6z\u00fcmler sunuyoruz.<\/p>\n\n\n\n<p>PLATT Piston- Silindir yan\u0131 s\u0131ra, d\u0131\u015f mek\u00e2n makine end\u00fcstrisi i\u00e7in \u00e7im bi\u00e7me makineleri ve t\u0131rpan makineleri i\u00e7in m\u00fckemmel kalitede elmas u\u00e7lu daire testereler ile teknolojik bi\u00e7me ve kesme b\u0131\u00e7aklar\u0131 tedarik etmektedir.<\/p>\n<\/div>\n<\/div><figure class=\"wp-block-media-text__media\"><img decoding=\"async\" src=\"https:\/\/plattparts.com\/wp-content\/themes\/astra\/inc\/assets\/images\/starter-content\/about-us.jpg\" alt=\"\" class=\"wp-image-237 size-full\"\/><\/figure><\/div>\n<\/div>\n\n\n\n<div class=\"wp-block-group alignfull is-layout-constrained wp-container-core-group-is-layout-45b0ac4f wp-block-group-is-layout-constrained\" id=\"services\" style=\"padding-top:144px;padding-bottom:0px\">\n<h2 class=\"wp-block-heading\">Uygulamalar<\/h2>\n\n\n\n<div class=\"wp-block-columns is-layout-flex wp-container-core-columns-is-layout-60cbf9bb wp-block-columns-is-layout-flex\" style=\"margin-top:50px\">\n<div class=\"wp-block-column is-layout-flow wp-container-core-column-is-layout-6b73ce23 wp-block-column-is-layout-flow\">\n<figure class=\"wp-block-image size-full is-resized\"><img loading=\"lazy\" decoding=\"async\" width=\"497\" height=\"328\" src=\"https:\/\/plattparts.com\/wp-content\/uploads\/2024\/07\/ucan-motorlar.png\" alt=\"\" class=\"wp-image-37\" style=\"width:385px;height:auto\" srcset=\"https:\/\/plattparts.com\/wp-content\/uploads\/2024\/07\/ucan-motorlar.png 497w, https:\/\/plattparts.com\/wp-content\/uploads\/2024\/07\/ucan-motorlar-300x198.png 300w\" sizes=\"auto, (max-width: 497px) 100vw, 497px\" \/><\/figure>\n\n\n\n<h3 class=\"wp-block-heading\" style=\"margin-top:16px\">U\u00e7an Motorlar<\/h3>\n\n\n\n<p>U\u00e7ak model motorlar\u0131, PPC ve PPG paramotorlar\u0131, ultralight havac\u0131l\u0131k, \u0130HA ve UAS, hafif helikopterler i\u00e7in piston kitleri.<\/p>\n<\/div>\n\n\n\n<div class=\"wp-block-column is-layout-flow wp-container-core-column-is-layout-6b73ce23 wp-block-column-is-layout-flow\">\n<figure class=\"wp-block-image size-full is-resized\"><img loading=\"lazy\" decoding=\"async\" width=\"505\" height=\"323\" src=\"https:\/\/plattparts.com\/wp-content\/uploads\/2024\/07\/deniz.png\" alt=\"\" class=\"wp-image-38\" style=\"width:392px;height:auto\" srcset=\"https:\/\/plattparts.com\/wp-content\/uploads\/2024\/07\/deniz.png 505w, https:\/\/plattparts.com\/wp-content\/uploads\/2024\/07\/deniz-300x192.png 300w\" sizes=\"auto, (max-width: 505px) 100vw, 505px\" \/><\/figure>\n\n\n\n<h3 class=\"wp-block-heading\" style=\"margin-top:16px\">Deniz<\/h3>\n\n\n\n<p>Aquascooter ve d\u0131\u015ftan takma motorlar i\u00e7in piston kitleri.<\/p>\n<\/div>\n\n\n\n<div class=\"wp-block-column is-layout-flow wp-container-core-column-is-layout-6b73ce23 wp-block-column-is-layout-flow\">\n<figure class=\"wp-block-image size-full is-resized\"><img loading=\"lazy\" decoding=\"async\" width=\"503\" height=\"327\" src=\"https:\/\/plattparts.com\/wp-content\/uploads\/2024\/07\/bahcecilik-orman-tarim.png\" alt=\"\" class=\"wp-image-39\" style=\"width:385px;height:auto\" srcset=\"https:\/\/plattparts.com\/wp-content\/uploads\/2024\/07\/bahcecilik-orman-tarim.png 503w, https:\/\/plattparts.com\/wp-content\/uploads\/2024\/07\/bahcecilik-orman-tarim-300x195.png 300w\" sizes=\"auto, (max-width: 503px) 100vw, 503px\" \/><\/figure>\n\n\n\n<h3 class=\"wp-block-heading\" style=\"margin-top:16px\">Bah\u00e7ecilik, Ormanc\u0131l\u0131k, Tar\u0131m<\/h3>\n\n\n\n<p>Zincirli testereler, \u00e7al\u0131 kesme makineleri, sis \u00fcfleyiciler ve k\u00fc\u00e7\u00fck 2 zamanl\u0131 tar\u0131m motorlar\u0131 i\u00e7in silindirler, pistonlar ve segmanlar.<\/p>\n<\/div>\n<\/div>\n<\/div>\n\n\n\n<div class=\"wp-block-group alignfull has-ast-global-color-4-background-color has-background is-layout-constrained wp-container-core-group-is-layout-6a2cfb7b wp-block-group-is-layout-constrained\" id=\"reviews\">\n<h2 class=\"wp-block-heading has-text-align-center\">KAL\u0130TE<\/h2>\n\n\n\n<p class=\"has-text-align-left\">M\u00fc\u015fteriye her zaman uygun ve rekabet\u00e7i bir fiyata, do\u011fru zamanda en iyi kalitede \u00fcr\u00fcn  sunmaya inan\u0131r. Bu, uluslararas\u0131 standartlara uygun kalite y\u00f6netim sistemleri uygulayarak                ve t\u00fcm s\u00fcre\u00e7lerimizde s\u00fcrekli iyile\u015ftirmeler yaparak ba\u015far\u0131lacakt\u0131r.<\/p>\n\n\n\n<p> M\u00fc\u015fteriye zaman\u0131nda teslimat ve do\u011fru kaliteyi sa\u011flamak.<br>\u2022 M\u00fc\u015fteri \u015fikayetlerini en aza indirmek.<br>\u2022 Dahili retleri azaltmak.<br>\u2022 Maliyetleri azaltarak ve \u00fcretkenli\u011fi, verimlili\u011fi ve yetene\u011fi iyile\u015ftirerek t\u00fcm s\u00fcre\u00e7leri s\u00fcrekli olarak iyile\u015ftirmek.<br>\u2022 \u0130\u015f performans\u0131n\u0131 ve m\u00fc\u015fteri memnuniyet seviyelerini iyile\u015ftirmek.<br>\u2022 \u00c7al\u0131\u015fanlar\u0131 i\u015f hedeflerine ula\u015fma y\u00f6n\u00fcnde motive etmek ve g\u00fc\u00e7lendirmek.<\/p>\n\n\n\n<p class=\"has-text-align-left\">Yukar\u0131daki t\u00fcm standartlar\u0131 ve uyumu sa\u011flamak i\u00e7in Neden-neden analizi, sebep ve sonu\u00e7 analizi, 7 kalite kontrol arac\u0131 gibi bir\u00e7ok problem \u00e7\u00f6zme tekni\u011fi kullan\u0131yoruz. Geli\u015ftirmenin ba\u015flang\u0131c\u0131ndan \u00fcretime kadar kararlar i\u00e7in \u00e7apraz fonksiyonel ekipler kullan\u0131l\u0131yor.<\/p>\n<\/div>\n\n\n\n<div class=\"wp-block-group alignfull has-background is-vertical is-content-justification-center is-layout-flex wp-container-core-group-is-layout-491684de wp-block-group-is-layout-flex\" id=\"contact\" style=\"background:linear-gradient(35deg,rgb(6,0,151) 0%,rgb(130,4,255) 64%,rgb(193,15,255) 98%);padding-top:104px;padding-bottom:104px\">\n<h2 class=\"wp-block-heading has-text-align-center has-ast-global-color-5-color has-text-color has-link-color has-large-font-size wp-elements-e2f2201f61a25323499d38fa5d3919bd\">\u0130LET\u0130\u015e\u0130M<\/h2>\n\n\n\n<h2 class=\"wp-block-heading has-ast-global-color-5-color has-text-color has-link-color has-small-font-size wp-elements-64248a738ac2aaec38ae023a19c6414d\">SELSEN MAK\u0130NE SAN.T\u0130C.A.\u015e<\/h2>\n\n\n\n<p class=\"has-ast-global-color-5-color has-text-color has-link-color has-small-font-size wp-elements-142a46d110bbe77115ca28bc5f84e315\">Habibler Mh. Eski Edirne Asfalt\u0131 Cd. No: 954\/A Sultangazi \/ \u0130STANBUL<\/p>\n\n\n\n<p class=\"has-ast-global-color-5-color has-text-color has-link-color has-small-font-size wp-elements-5099795f00446220823901453df90778\">Tel:+90 212 595 35 50 e-mail: info@selsen.com.tr<\/p>\n<\/div>\n","protected":false},"excerpt":{"rendered":"<p>Pistonlar 2-Zamanl\u0131 ve 4-Zamanl\u0131 i\u00e7ten yanmal\u0131 motorlar i\u00e7in yer\u00e7ekimi d\u00f6k\u00fcm ve d\u00f6vme pistonlar. Segmanlar d\u00f6kme demir, s\u00fcnek demir, SG demir [&hellip;]<\/p>\n","protected":false},"author":1,"featured_media":0,"parent":0,"menu_order":0,"comment_status":"closed","ping_status":"closed","template":"","meta":{"site-sidebar-layout":"no-sidebar","site-content-layout":"plain-container","ast-site-content-layout":"default","site-content-style":"default","site-sidebar-style":"default","ast-global-header-display":"","ast-banner-title-visibility":"","ast-main-header-display":"","ast-hfb-above-header-display":"","ast-hfb-below-header-display":"","ast-hfb-mobile-header-display":"","site-post-title":"disabled","ast-breadcrumbs-content":"","ast-featured-img":"","footer-sml-layout":"","ast-disable-related-posts":"","theme-transparent-header-meta":"enabled","adv-header-id-meta":"","stick-header-meta":"","header-above-stick-meta":"","header-main-stick-meta":"","header-below-stick-meta":"","astra-migrate-meta-layouts":"default","ast-page-background-enabled":"default","ast-page-background-meta":{"desktop":{"background-color":"var(--ast-global-color-4)","background-image":"","background-repeat":"repeat","background-position":"center center","background-size":"auto","background-attachment":"scroll","background-type":"","background-media":"","overlay-type":"","overlay-color":"","overlay-opacity":"","overlay-gradient":""},"tablet":{"background-color":"","background-image":"","background-repeat":"repeat","background-position":"center center","background-size":"auto","background-attachment":"scroll","background-type":"","background-media":"","overlay-type":"","overlay-color":"","overlay-opacity":"","overlay-gradient":""},"mobile":{"background-color":"","background-image":"","background-repeat":"repeat","background-position":"center center","background-size":"auto","background-attachment":"scroll","background-type":"","background-media":"","overlay-type":"","overlay-color":"","overlay-opacity":"","overlay-gradient":""}},"ast-content-background-meta":{"desktop":{"background-color":"var(--ast-global-color-5)","background-image":"","background-repeat":"repeat","background-position":"center center","background-size":"auto","background-attachment":"scroll","background-type":"","background-media":"","overlay-type":"","overlay-color":"","overlay-opacity":"","overlay-gradient":""},"tablet":{"background-color":"var(--ast-global-color-5)","background-image":"","background-repeat":"repeat","background-position":"center center","background-size":"auto","background-attachment":"scroll","background-type":"","background-media":"","overlay-type":"","overlay-color":"","overlay-opacity":"","overlay-gradient":""},"mobile":{"background-color":"var(--ast-global-color-5)","background-image":"","background-repeat":"repeat","background-position":"center center","background-size":"auto","background-attachment":"scroll","background-type":"","background-media":"","overlay-type":"","overlay-color":"","overlay-opacity":"","overlay-gradient":""}},"footnotes":""},"class_list":["post-9","page","type-page","status-publish","hentry"],"yoast_head":"<!-- This site is optimized with the Yoast SEO plugin v27.2 - https:\/\/yoast.com\/product\/yoast-seo-wordpress\/ -->\n<title>Home - platt - stihl - husqvarna - oregon - piston - silindir - elmas b\u0131\u00e7ak<\/title>\n<meta name=\"description\" content=\"platt piston ve silindirler ile daire testereler t\u00fcm yedek par\u00e7alar \u00dcr\u00fcnlerimiz daima en y\u00fcksek kalite beklentilerini kar\u015f\u0131lamaktad\u0131r.\" \/>\n<meta name=\"robots\" content=\"index, follow, max-snippet:-1, max-image-preview:large, max-video-preview:-1\" \/>\n<link rel=\"canonical\" href=\"https:\/\/plattparts.com\/\" \/>\n<meta property=\"og:locale\" content=\"tr_TR\" \/>\n<meta property=\"og:type\" content=\"article\" \/>\n<meta property=\"og:title\" content=\"Home - platt - stihl - husqvarna - oregon - piston - silindir - elmas b\u0131\u00e7ak\" \/>\n<meta property=\"og:description\" content=\"platt piston ve silindirler ile daire testereler t\u00fcm yedek par\u00e7alar \u00dcr\u00fcnlerimiz daima en y\u00fcksek kalite beklentilerini kar\u015f\u0131lamaktad\u0131r.\" \/>\n<meta property=\"og:url\" content=\"https:\/\/plattparts.com\/\" \/>\n<meta property=\"og:site_name\" content=\"platt\" \/>\n<meta property=\"article:modified_time\" content=\"2025-01-20T16:16:21+00:00\" \/>\n<meta property=\"og:image\" content=\"http:\/\/plattparts.com\/wp-content\/uploads\/2024\/07\/ppppp-1024x361.png\" \/>\n<meta name=\"twitter:card\" content=\"summary_large_image\" \/>\n<meta name=\"twitter:label1\" content=\"Tahmini okuma s\u00fcresi\" \/>\n\t<meta name=\"twitter:data1\" content=\"4 dakika\" \/>\n<script type=\"application\/ld+json\" class=\"yoast-schema-graph\">{\"@context\":\"https:\/\/schema.org\",\"@graph\":[{\"@type\":\"WebPage\",\"@id\":\"https:\/\/plattparts.com\/\",\"url\":\"https:\/\/plattparts.com\/\",\"name\":\"Home - platt - stihl - husqvarna - oregon - piston - silindir - elmas b\u0131\u00e7ak\",\"isPartOf\":{\"@id\":\"https:\/\/plattparts.com\/#website\"},\"primaryImageOfPage\":{\"@id\":\"https:\/\/plattparts.com\/#primaryimage\"},\"image\":{\"@id\":\"https:\/\/plattparts.com\/#primaryimage\"},\"thumbnailUrl\":\"http:\/\/plattparts.com\/wp-content\/uploads\/2024\/07\/ppppp-1024x361.png\",\"datePublished\":\"2024-07-22T10:09:43+00:00\",\"dateModified\":\"2025-01-20T16:16:21+00:00\",\"description\":\"platt piston ve silindirler ile daire testereler t\u00fcm yedek par\u00e7alar \u00dcr\u00fcnlerimiz daima en y\u00fcksek kalite beklentilerini kar\u015f\u0131lamaktad\u0131r.\",\"breadcrumb\":{\"@id\":\"https:\/\/plattparts.com\/#breadcrumb\"},\"inLanguage\":\"tr\",\"potentialAction\":[{\"@type\":\"ReadAction\",\"target\":[\"https:\/\/plattparts.com\/\"]}]},{\"@type\":\"ImageObject\",\"inLanguage\":\"tr\",\"@id\":\"https:\/\/plattparts.com\/#primaryimage\",\"url\":\"http:\/\/plattparts.com\/wp-content\/uploads\/2024\/07\/ppppp-1024x361.png\",\"contentUrl\":\"http:\/\/plattparts.com\/wp-content\/uploads\/2024\/07\/ppppp-1024x361.png\"},{\"@type\":\"BreadcrumbList\",\"@id\":\"https:\/\/plattparts.com\/#breadcrumb\",\"itemListElement\":[{\"@type\":\"ListItem\",\"position\":1,\"name\":\"Anasayfa\",\"item\":\"https:\/\/plattparts.com\/\"},{\"@type\":\"ListItem\",\"position\":2,\"name\":\"Home\"}]},{\"@type\":\"WebSite\",\"@id\":\"https:\/\/plattparts.com\/#website\",\"url\":\"https:\/\/plattparts.com\/\",\"name\":\"platt\",\"description\":\"after market\",\"publisher\":{\"@id\":\"https:\/\/plattparts.com\/#organization\"},\"potentialAction\":[{\"@type\":\"SearchAction\",\"target\":{\"@type\":\"EntryPoint\",\"urlTemplate\":\"https:\/\/plattparts.com\/?s={search_term_string}\"},\"query-input\":{\"@type\":\"PropertyValueSpecification\",\"valueRequired\":true,\"valueName\":\"search_term_string\"}}],\"inLanguage\":\"tr\"},{\"@type\":\"Organization\",\"@id\":\"https:\/\/plattparts.com\/#organization\",\"name\":\"platt\",\"url\":\"https:\/\/plattparts.com\/\",\"logo\":{\"@type\":\"ImageObject\",\"inLanguage\":\"tr\",\"@id\":\"https:\/\/plattparts.com\/#\/schema\/logo\/image\/\",\"url\":\"https:\/\/plattparts.com\/wp-content\/uploads\/2024\/07\/PLATT-RX-160.png\",\"contentUrl\":\"https:\/\/plattparts.com\/wp-content\/uploads\/2024\/07\/PLATT-RX-160.png\",\"width\":180,\"height\":60,\"caption\":\"platt\"},\"image\":{\"@id\":\"https:\/\/plattparts.com\/#\/schema\/logo\/image\/\"}}]}<\/script>\n<!-- \/ Yoast SEO plugin. -->","yoast_head_json":{"title":"Home - platt - stihl - husqvarna - oregon - piston - silindir - elmas b\u0131\u00e7ak","description":"platt piston ve silindirler ile daire testereler t\u00fcm yedek par\u00e7alar \u00dcr\u00fcnlerimiz daima en y\u00fcksek kalite beklentilerini kar\u015f\u0131lamaktad\u0131r.","robots":{"index":"index","follow":"follow","max-snippet":"max-snippet:-1","max-image-preview":"max-image-preview:large","max-video-preview":"max-video-preview:-1"},"canonical":"https:\/\/plattparts.com\/","og_locale":"tr_TR","og_type":"article","og_title":"Home - platt - stihl - husqvarna - oregon - piston - silindir - elmas b\u0131\u00e7ak","og_description":"platt piston ve silindirler ile daire testereler t\u00fcm yedek par\u00e7alar \u00dcr\u00fcnlerimiz daima en y\u00fcksek kalite beklentilerini kar\u015f\u0131lamaktad\u0131r.","og_url":"https:\/\/plattparts.com\/","og_site_name":"platt","article_modified_time":"2025-01-20T16:16:21+00:00","og_image":[{"url":"http:\/\/plattparts.com\/wp-content\/uploads\/2024\/07\/ppppp-1024x361.png","type":"","width":"","height":""}],"twitter_card":"summary_large_image","twitter_misc":{"Tahmini okuma s\u00fcresi":"4 dakika"},"schema":{"@context":"https:\/\/schema.org","@graph":[{"@type":"WebPage","@id":"https:\/\/plattparts.com\/","url":"https:\/\/plattparts.com\/","name":"Home - platt - stihl - husqvarna - oregon - piston - silindir - elmas b\u0131\u00e7ak","isPartOf":{"@id":"https:\/\/plattparts.com\/#website"},"primaryImageOfPage":{"@id":"https:\/\/plattparts.com\/#primaryimage"},"image":{"@id":"https:\/\/plattparts.com\/#primaryimage"},"thumbnailUrl":"http:\/\/plattparts.com\/wp-content\/uploads\/2024\/07\/ppppp-1024x361.png","datePublished":"2024-07-22T10:09:43+00:00","dateModified":"2025-01-20T16:16:21+00:00","description":"platt piston ve silindirler ile daire testereler t\u00fcm yedek par\u00e7alar \u00dcr\u00fcnlerimiz daima en y\u00fcksek kalite beklentilerini kar\u015f\u0131lamaktad\u0131r.","breadcrumb":{"@id":"https:\/\/plattparts.com\/#breadcrumb"},"inLanguage":"tr","potentialAction":[{"@type":"ReadAction","target":["https:\/\/plattparts.com\/"]}]},{"@type":"ImageObject","inLanguage":"tr","@id":"https:\/\/plattparts.com\/#primaryimage","url":"http:\/\/plattparts.com\/wp-content\/uploads\/2024\/07\/ppppp-1024x361.png","contentUrl":"http:\/\/plattparts.com\/wp-content\/uploads\/2024\/07\/ppppp-1024x361.png"},{"@type":"BreadcrumbList","@id":"https:\/\/plattparts.com\/#breadcrumb","itemListElement":[{"@type":"ListItem","position":1,"name":"Anasayfa","item":"https:\/\/plattparts.com\/"},{"@type":"ListItem","position":2,"name":"Home"}]},{"@type":"WebSite","@id":"https:\/\/plattparts.com\/#website","url":"https:\/\/plattparts.com\/","name":"platt","description":"after market","publisher":{"@id":"https:\/\/plattparts.com\/#organization"},"potentialAction":[{"@type":"SearchAction","target":{"@type":"EntryPoint","urlTemplate":"https:\/\/plattparts.com\/?s={search_term_string}"},"query-input":{"@type":"PropertyValueSpecification","valueRequired":true,"valueName":"search_term_string"}}],"inLanguage":"tr"},{"@type":"Organization","@id":"https:\/\/plattparts.com\/#organization","name":"platt","url":"https:\/\/plattparts.com\/","logo":{"@type":"ImageObject","inLanguage":"tr","@id":"https:\/\/plattparts.com\/#\/schema\/logo\/image\/","url":"https:\/\/plattparts.com\/wp-content\/uploads\/2024\/07\/PLATT-RX-160.png","contentUrl":"https:\/\/plattparts.com\/wp-content\/uploads\/2024\/07\/PLATT-RX-160.png","width":180,"height":60,"caption":"platt"},"image":{"@id":"https:\/\/plattparts.com\/#\/schema\/logo\/image\/"}}]}},"_links":{"self":[{"href":"https:\/\/plattparts.com\/index.php\/wp-json\/wp\/v2\/pages\/9","targetHints":{"allow":["GET"]}}],"collection":[{"href":"https:\/\/plattparts.com\/index.php\/wp-json\/wp\/v2\/pages"}],"about":[{"href":"https:\/\/plattparts.com\/index.php\/wp-json\/wp\/v2\/types\/page"}],"author":[{"embeddable":true,"href":"https:\/\/plattparts.com\/index.php\/wp-json\/wp\/v2\/users\/1"}],"replies":[{"embeddable":true,"href":"https:\/\/plattparts.com\/index.php\/wp-json\/wp\/v2\/comments?post=9"}],"version-history":[{"count":9,"href":"https:\/\/plattparts.com\/index.php\/wp-json\/wp\/v2\/pages\/9\/revisions"}],"predecessor-version":[{"id":67,"href":"https:\/\/plattparts.com\/index.php\/wp-json\/wp\/v2\/pages\/9\/revisions\/67"}],"wp:attachment":[{"href":"https:\/\/plattparts.com\/index.php\/wp-json\/wp\/v2\/media?parent=9"}],"curies":[{"name":"wp","href":"https:\/\/api.w.org\/{rel}","templated":true}]}}